e highest common factor of 20 and 15?
5
Calculate the highest common divisor of 376 and 282.
94
Calculate the highest common divisor of 620 and 93.
31
Calculate the highest common factor of 87 and 10933.
29
Calculate the highest common factor of 81 and 1296.
81
Calculate the greatest common divisor of 47 and 1128.
47
Calculate the greatest common factor of 54 and 27.
27
Calculate the greatest common factor of 9 and 207.
9
What is the greatest common divisor of 8 and 72?
8
What is the greatest common divisor of 876 and 18?
6
What is the greatest common divisor of 41382 and 44?
22
Calculate the highest common factor of 1691 and 2403.
89
Calculate the greatest common factor of 33 and 11.
11
What is the highest common factor of 4042 and 172?
86
Calculate the highest common factor of 17 and 2329.
17
Calculate the highest common factor of 1837 and 501.
167
What is the greatest common factor of 836 and 399?
19
Calculate the greatest common divisor of 50 and 1250.
50
Calculate the highest common divisor of 768 and 24.
24
What is the highest common divisor of 14 and 160496?
14
Calculate the highest common factor of 776 and 248.
8
Calculate the highest common factor of 48 and 1816.
8
What is the greatest common divisor of 572 and 1001?
143
Calculate the highest common divisor of 2537 and 236.
59
What is the highest common factor of 207 and 144?
9
What is the greatest common factor of 90 and 135?
45
Calculate the greatest common divisor of 30 and 4270.
10
What is the highest common divisor of 27 and 1017?
9
Calculate the highest common divisor of 188 and 9071.
47
What is the highest common divisor of 17612 and 119?
119
Calculate the highest common factor of 966 and 138.
138
What is the greatest common factor of 169 and 26?
13
Calculate the highest common divisor of 6968 and 201.
67
What is the highest common factor of 10309 and 61?
61
Calculate the greatest common factor of 25 and 1650.
25
What is the highest common divisor of 560 and 18032?
112
Calculate the greatest common divisor of 20 and 1948.
4
What is the highest common factor of 64 and 2?
2
Calculate the highest common divisor of 44 and 232.
4
Calculate the highest common divisor of 22 and 110.
22
What is the highest common factor of 7 and 3?
1
Calculate the highest common divisor of 511 and 14.
7
Calculate the greatest common factor of 105 and 21.
21
What is the greatest common factor of 104 and 2392?
104
Calculate the greatest common divisor of 117 and 273.
39
What is the highest common divisor of 2886 and 555?
111
Calculate the greatest common factor of 96 and 60.
12
Calculate the greatest common factor of 1829 and 59.
59
What is the greatest common divisor of 33 and 7359?
33
What is the highest common factor of 500 and 80?
20
What is the greatest common divisor of 3321 and 164?
41
What is the highest common factor of 1785 and 45?
15
What is the greatest common divisor of 44627 and 11?
11
Calculate the greatest common factor of 779 and 82.
41
Calculate the highest common factor of 1085 and 25.
5
What is the highest common divisor of 14237 and 23?
23
What is the highest common divisor of 8210 and 10?
10
What is the highest common factor of 438 and 73?
73
Calculate the highest common factor of 30 and 140.
10
Calculate the greatest common divisor of 187 and 22.
11
What is the greatest common divisor of 155 and 1120?
5
Calculate the highest common factor of 318 and 848.
106
What is the greatest common factor of 17 and 19975?
17
Calculate the highest common divisor of 960 and 32.
32
What is the greatest common factor of 3588 and 621?
69
What is the highest common divisor of 138 and 96?
6
Calculate the highest common factor of 235 and 1927.
47
What is the highest common factor of 175 and 675?
25
Calculate the highest common factor of 108 and 22788.
108
Calculate the highest common divisor of 125 and 205.
5
What is the highest common divisor of 14 and 7924?
14
Calculate the highest common factor of 1575 and 720.
45
What is the highest common factor of 9 and 15?
3
Calculate the greatest common factor of 165 and 735.
15
What is the greatest common divisor of 2244 and 918?
102
Calculate the highest common factor of 45 and 2745.
45
Calculate the highest common divisor of 80 and 4.
4
Calculate the greatest common divisor of 6 and 642.
6
What is the highest common factor of 364 and 156?
52
What is the greatest common factor of 240 and 48?
48
What is the highest common divisor of 530 and 424?
106
Calculate the highest common divisor of 1521 and 26.
13
What is the greatest common divisor of 11473 and 385?
77
What is the greatest common divisor of 87 and 6873?
87
What is the greatest common divisor of 85 and 6545?
85
Calculate the highest common factor of 408 and 51.
51
Calculate the highest common factor of 720 and 1040.
80
Calculate the greatest common divisor of 560 and 35.
35
Calculate the greatest common factor of 116 and 13891.
29
Calculate the greatest common factor of 150 and 50.
50
Calculate the greatest common factor of 9 and 279.
9
Calculate the greatest common divisor of 70 and 10430.
70
What is the highest common divisor of 85 and 136?
17
What is the greatest common factor of 1758 and 6?
6
Calculate the highest common factor of 136 and 776.
8
What is the greatest common factor of 117 and 78?
39
Calculate the greatest common factor of 86 and 1333.
43
What is the highest common divisor of 474 and 6?
6
What is the highest common divisor of 70 and 14?
14
Calculate the greatest common factor of 216 and 26.
2
Calculate the greatest common factor of 72 and 936.
72
What is the greatest common divisor of 238 and 3472?
14
What is the greatest common divisor of 60 and 300?
60
What is the greatest common factor of 57 and 2413?
19
Calculate the highest common divisor of 3686 and 190.
38
What is the greatest common factor of 4410 and 450?
90
What is the greatest common divisor of 11 and 1243?
11
What is the greatest common divisor of 40348 and 308?
308
Calculate the greatest common divisor of 393 and 2489.
131
Calculate the greatest common factor of 1150 and 50.
50
What is the highest common divisor of 679 and 7?
7
What is the greatest common divisor of 480 and 12?
12
What is the highest common factor of 206 and 2163?
103
Calculate the highest common factor of 616 and 1188.
44
Calculate the highest common factor of 871 and 268.
67
What is the greatest common divisor of 14615 and 1110?
185
Calculate the greatest common divisor of 114850 and 50.
50
Calculate the highest common factor of 312 and 8.
8
Calculate the highest common divisor of 130 and 78.
26
Calculate the greatest common divisor of 120 and 6280.
40
Calculate the highest common divisor of 143 and 77.
11
Calculate the greatest common factor of 51 and 680.
17
What is the greatest common divisor of 4984 and 24?
8
Calculate the greatest common factor of 17 and 4267.
17
Calculate the greatest common divisor of 3451 and 406.
203
What is the highest common divisor of 8364 and 272?
68
What is the highest common factor of 17 and 1139?
17
What is the highest common factor of 1374 and 12137?
229
Calculate the highest common factor of 287 and 82.
41
Calculate the highest common factor of 270 and 150.
30
Calculate the greatest common factor of 1737 and 207.
9
Calculate the highest common factor of 36 and 9.
9
What is the greatest common factor of 3248 and 112?
112
What is the greatest common factor of 682 and 22?
22
Calculate the highest common divisor of 520 and 40.
40
Calculate the greatest common divisor of 190 and 1045.
95
What is the greatest common factor of 70 and 145?
5
Calculate the highest common divisor of 1222 and 752.
94
Calculate the highest common factor of 6 and 9642.
6
Calculate the greatest common divisor of 4 and 38.
2
What is the highest common divisor of 17934 and 6?
6
Calculate the greatest common divisor of 69 and 1058.
23
Calculate the highest common divisor of 4407 and 226.
113
Calculate the highest common factor of 234 and 3172.
26
What is the greatest common factor of 18 and 9?
9
Calculate the highest common factor of 206 and 23072.
206
Calculate the greatest common divisor of 12 and 16.
4
What is the highest common divisor of 21736 and 208?
104
Calculate the greatest common divisor of 85 and 493.
17
Calculate the greatest common fa